2*t - 1. Let k = 47 + -42. Suppose 6 - 14 = h + 5*l, 0 = k*h - 3*l - 44. Calculate j(h).
13
Let u(h) be the second derivative of -3*h**3/2 + 24*h**2 - 3082*h. What is u(6)?
-6
Let l(f) = 33*f - 20. Let y(n) = 38*n - 19. Let j(s) = 6*l(s) - 7*y(s). What is j(1)?
-55
Let f(v) = 6*v**3 - 7*v**2 - 8*v - 1. Let b = -284 - -283. Determine f(b).
-6
Let q(w) = w**2 - 7*w - 10. Let s(l) = 21 + 7 + 3*l - 6. Let u be s(-5). Let o = u - 0. Determine q(o).
-10
Let i(t) = -t**2 + 19*t + 47. Let l(z) = -7*z**3 - 2*z**2 + z + 21. Let w be l(0). Determine i(w).
5
Let a(l) = l**3 + 17*l**2 + 30*l - 18. Let t be (-87)/6 + 3/(-6). Give a(t).
-18
Let t(p) be the second derivative of -p**5/60 + 5*p**4/12 - 5*p**3/3 - 35*p**2/2 - 164*p. Let f(d) be the first derivative of t(d). Give f(7).
11
Let r(k) be the first derivative of -k**5/20 + 3*k**4/4 - k**3/6 - k**2/2 - 3*k - 1. Let j(i) be the first derivative of r(i). Determine j(9).
-10
Let u(c) = 2*c - 19. Suppose 7*o + 11*o = -12*o + 210. Give u(o).
-5
Let c(t) be the third derivative of t**4/24 + 2*t**3/3 - 314*t**2 - t. Let m be (12/18)/((-1)/18). Give c(m).
-8
Let w(x) be the second derivative of -x**5/20 - 7*x**4/12 - x**3/3 - 13*x**2/2 - 3858*x. What is w(-7)?
1
Let x(k) = 2*k**2 + 12*k. Let g(r) = -r**2 - 15*r - 12. Let p be g(-12). Suppose 7*l = 4*l - p. What is x(l)?
32
Let w(c) = c**3 + 28*c**2 + 4*c + 114. Let g be w(-28). Let s(b) = 6 - 3 - b + g + 7. What is s(11)?
1
Let l(h) = -2*h + 44. Let m be l(18). Suppose 0 = -2*k - 0 + m. Suppose 0*v + 14 = -k*x + v, v + 22 = -5*x. Let f(w) = w**3 + 3*w**2 - 6*w - 4. What is f(x)?
4
Let d = 4406 + -4409. Let r(h) be the first derivative of -2*h**2 - 4*h + 1. Determine r(d).
8
Let o(s) = 2 + 3*s - 1 + s**3 + 2 - 5*s**2. Let z be 2/1 + -1 - 15/(-5). Let j be z + (-18)/14 + 26/91. Calculate o(j).
-6
Let k(s) = s**2 - 51*s + 161. Let b be 24*24/18*(-3 + 18/4). What is k(b)?
17
Let g be (-1)/2*(3 - -3). Let w(r) = r**2. Let s(d) = 6*d**2 + 2*d + 3. Suppose -14 = 4*n + 2. Let t(l) = n*w(l) + s(l). Give t(g).
15
Let h = -113 - -112. Let s(d) = -3*d**2 - 4*d**2 + 2*d - d**2 - d + 1. Let i be s(h). Let c(r) = r**2 + 9*r + 10. Determine c(i).
2
Let j(u) be the third derivative of 1/3*u**3 + 0 + 41*u**2 + 1/24*u**4 + 0*u. Let y(o) = o**2 - 6*o - 3. Let k be y(6). Determine j(k).
-1
Let i(q) = -q**3 + 6*q**2 + 6*q + 8. Let m be i(7). Let j(c) = c**2 + 2*c - 1. Let l be j(m). Suppose -1 - l = y. Let b(n) = 2*n + 4. Calculate b(y).
-2
Let x(a) = -a**3 - 9*a**2 + 7*a - 14. Suppose -10*p + 104 = 754. Let m = -75 - p. What is x(m)?
16
Let g be (30 + 2)/(-8)*37. Let t = 148 + g. Let x(z) = -z**3 - z - 14. What is x(t)?
-14
Let s(r) be the second derivative of 17*r**3/6 + 9*r**2 - 8295*r. What is s(4)?
86
Let y(s) = -13*s**2 - 53*s - 10. Suppose 65 = 4*p + 81. Determine y(p).
-6
Let n(h) be the second derivative of -23*h**3/6 + 97*h**2/2 + 24*h + 9. Give n(6).
-41
Suppose 19 = x + 17. Suppose -2*t = -4*i + 6, 0 = t - 3*i + x + 4. Let z(o) = o**3 - 4 + o**3 - o - t*o**3 - 2*o**2. Calculate z(-3).
8
Let k(j) be the first derivative of -j**5/120 - j**4/24 - 32*j**3 + 89. Let f(x) be the third derivative of k(x). Let q be (-3)/(-6) - 7/2. Determine f(q).
2
Let z(a) = 2*a**3 - 20*a**2 + 13. Suppose -33*n + 164 + 47 + 119 = 0. What is z(n)?
13
Let d(o) = 134 + 117 - 6*o - 548 + 139 + 128. Calculate d(-10).
30
Suppose -64*u + 80*u = -160*u. Let o(s) = -s**2 + 7*s. Give o(u).
0
Let g(p) = p**3 + 8*p**2 + 3*p + 9. Suppose 0 = -2*z + 6*z + 5*s + 1608, -4*s + 1644 = -4*z. Let j = z + 399. Calculate g(j).
-15
Suppose 2*o + 128 - 142 = -3*l, -5*l + 21 = o. Let n(i) = i + 11. Give n(l).
15
Suppose -12*o + 113 = 17. Let p(l) = -6*l - 9*l + 27*l - o*l - 4. Calculate p(3).
8
Let q(i) = 4*i**3 + i**2 - 32*i + 40. Let p be q(2). Let c(d) = -4*d + 66. Give c(p).
18
Let i be (1/3)/((-79)/(-711)). Let y(u) = 5*u**3 - 8*u**2 - 7*u + 4. Let x(q) = -4*q**3 + 7*q**2 + 6*q - 4. Let g(p) = i*x(p) + 2*y(p). Calculate g(4).
-36
Let d(b) be the second derivative of -b**5/10 - b**4/4 - b**2 - 2*b. Let c(q) = 14*q**2 + 49*q - 6. Let s be c(-6). Let y = -207 + s. Give d(y).
25
Let h(n) = 3*n + 2. Suppose 0 = 181*d - 192*d + 143. Suppose 8 = -d*i + 9*i. Determine h(i).
-4
Let g = 140 - 138. Let f(b) = -14*b**g - 1 + 2*b + 8 + 3*b**2 - 6. Give f(-1).
-12
Suppose -2*w - 2 - 1 = -3*f, 0 = -3*f - w + 3. Let k(v) = -4*v**2 + 2*v - 1. Let m be k(f). Let n = -8 - m. Let o(p) = p + 5. Determine o(n).
0
Let j(m) = m**3 - 6*m**2 + 4*m - 7. Let b be j(5). Let r(a) be the second derivative of a**4/12 + 2*a**3 - 135*a + 64. Determine r(b).
0
Let s(r) = -4*r + 3. Suppose 8*l = -488 - 352. Let w be (-480)/l + (-16)/28. What is s(w)?
-13
Let m(z) be the second derivative of -z**4/4 - z**3/2 + z. Let p(a) = -321*a**2 - 961*a + 3. Let n be p(-3). Give m(n).
-18
Let p(t) = -t**3 - 7*t**2 - 2*t - 9. Let q = 26 + -51. Let x(k) = 7*k + 168. Let s be x(q). Give p(s).
5
Let y(t) = 18*t**2 - 2*t + 1. Let u be 2 + 4 + (6 - 5). Let b be 2*(-1 + u)*30/45. Suppose -10 = -2*j - b. What is y(j)?
17
Let g(l) = 3*l. Suppose 6*p + 9 = 9*p. Suppose p*u - 31 = -2*w - 0*w, 0 = -3*w + u + 52. Let f = -18 + w. What is g(f)?
-3
Let y(k) be the first derivative of k**4/4 + k**3 + 3*k**2/2 + k - 51. Suppose v - f = 2*v + 7, 5*f = -2*v - 26. Give y(v).
-8
Let m(f) be the third derivative of f**5/60 - f**4/24 + 4*f**2. Suppose 0 = 4*a + 3*c - 299, a - 57 = 4*c - 6. Let z = a - 70. What is m(z)?
0
Let n(b) = -5*b + 9. Let x(r) = -3*r + 10. Let i(s) = -6*n(s) + 5*x(s). Determine i(3).
41
Let a = 648/259 - 1/518. Let r(w) be the second derivative of 2/3*w**3 - 5/12*w**4 + 0 + 1/20*w**5 - a*w**2 + 3*w. Determine r(4).
-5
Let y(i) = -i**2 - 31*i - 101. Let x be y(-4). Let n(d) be the first derivative of d**3/3 - 2*d**2 + 4*d - 12. Calculate n(x).
25
Suppose 4*z = -0 + 8. Let x(m) = 9*m**2 + 5*m + 1. Let t = 271 - 267. Let i(d) = -10*d**2 - 7*d - 1. Let j(v) = t*x(v) + 3*i(v). Give j(z).
23
Let s(t) = -9*t - 140. Suppose 4*n = 2*b - 52, -3*n + 8*b - 39 = 4*b. Calculate s(n).
-23
Let z(o) = -o**3 - 3*o**2 + 2. Let s(a) = 2*a**3 + 16*a**2 - a - 22. Let b(f) = s(f) + 3*z(f). What is b(4)?
28
Let i(o) = -5*o**3 + 8*o**2 + 11*o - 2. Let p(j) = -9*j**3 + 15*j**2 + 21*j - 3. Let h(b) = -7*i(b) + 4*p(b). Suppose -30*t - 185 = -67*t. Determine h(t).
12
Let u = 4/795 + 352/265. Let v(b) be the third derivative of u*b**3 - 1/12*b**4 + 0 + 0*b + 4*b**2. What is v(6)?
-4
Let c(s) = -6*s - 35*s**2 + 4*s + 106*s**2 - 41*s**2 - 31*s**2 + 6 - 4*s. Suppose -3*t + 10 = 25. What is c(t)?
11
Let c be (-2)/12 + (-793)/(-78). Suppose -c = 5*k, 2*k = -2*w - 1 + 3. Let j(q) = 3*q - 4. Determine j(w).
5
Suppose 2*j + j + 4*c - 14 = 0, 3*j = -3*c + 18. Let d(p) = -j - 2*p + 93 - 18 - 21. Calculate d(18).
8
Let g(f) = 259*f + 13724. Let h be g(-53). Let x(o) = -o**3 - o**2 + 23*o + 48. What is x(h)?
-3
Let n(z) = -z**2 - 208*z - 14 + 0 + 7 + 239*z - 27. Give n(29).
24
Let a(m) = 2*m + 1. Let r be a(1). Let d(y) = 3*y**3 - y**3 + r + 0*y**3 + 2*y + 3*y**2. Let x = -95325 + 95323. What is d(x)?
-5
Let s(v) = -v**3 - 17*v**2 - 28*v + 40. Let g be s(-15). Let q(o) = o**2 - 3*o + 3. Determine q(g).
73
Let j(v) be the first derivative of -21*v**2/2 - 4*v - 98. Determine j(-5).
101
Let y = -24 - -16. Suppose -8 = 11*x - 15*x. Let z(c) = -118*c**x + c**3 - 113*c**2 - 10 + 239*c**2. What is z(y)?
-10
Let y = 19 - 18. Let l be y/2*13 + (-3)/6. Let r(t) = 4*t - l*t - 8*t. Determine r(-1).
10
Suppose o + 3*t - 11 - 5 = 0, -2*o + 42 = t. Suppose -5*z - 17 = -w, -128*w = -130*w + 4*z + o. Let r(y) = y - 14. Calculate r(w).
-7
Let f = -3273 + 3280. Let y(g) = g**3 - 8*g**2 + 9*g - 12. Determine y(f).
2
Let n be (-7)/(-4) + 2/8. Let y(g) be the first derivative of g**3/2 - g**2/2 + 252*g - 399. Let m(o) be the first derivative of y(o). What is m(n)?
5
Suppose -8*h - 2 + 42 = 0. Suppose -3*m - 4*p = m - 192, -h*m - 2*p = -246. Suppose 3*l = 68 - m. Let i(q) = -2*q + 3. Determine i(l).
-9
Let c(a) be the third derivative of a**6/120 + a**5/10 - a**4/8 - 2*a**3/3 + 5*a**2 + 39*a + 3. Calculate c(-6).
14
Suppose -10 = 4*x + 3*c, 4*x = 3*x + c + 1. Let z(t) = -48*t**2 - 1. Determine z(x).
-49
Let d(y) = 2*y**2 - 4*y - 3. Let s be (9/108*-9)/(1/(-116)). Let j = -89 + s. Calculate d(j).
13
Let u = -24197 - -2